{"id":77,"date":"2018-01-27T08:37:49","date_gmt":"2018-01-27T08:37:49","guid":{"rendered":"https:\/\/www.pixelwork.de\/?page_id=77"},"modified":"2021-01-05T11:06:13","modified_gmt":"2021-01-05T11:06:13","slug":"type-rating-course-programme","status":"publish","type":"page","link":"https:\/\/www.pixelwork.de\/digitales-lernen\/type-rating-course-programme\/","title":{"rendered":"Type Rating Course Programme"},"content":{"rendered":"\n<p>Piloten m\u00fcssen zum Erhalt einer Musterberechtigung f\u00fcr einen speziellen Flugzeugtyp (Type Rating) zus\u00e4tzlich zum Simulatortraining einen theoretischen Schulungsteil absolvieren.<\/p>\n\n\n\n<p>Die Schulung wird in der Luftfahrt seit langem mithilfe von Computer Based Trainingsprogrammen (CBT) durchgef\u00fchrt. Hierzu z\u00e4hlen folgende von <strong>Pixelwork<\/strong> entwickelte Type Rating Programme:<\/p>\n\n\n\n<ul class=\"wp-block-list\"><li>ACARS<\/li><\/ul>\n\n\n\n<p>Schulungsmodul zur Nutzung des bei Lufthansa CityLine genutzten &#8220;Aircraft Communication and Reporting Systems&#8221;<\/p>\n\n\n\n<figure class=\"wp-block-image size-large is-resized\"><a href=\"https:\/\/www.pixelwork.de\/wp-content\/uploads\/ACARS.mp4\" target=\"_blank\" rel=\"noopener\"><img decoding=\"async\" src=\"https:\/\/www.pixelwork.de\/wp-content\/uploads\/2021\/01\/ACARS-small.png\" alt=\"\" class=\"wp-image-526\" width=\"206\" height=\"143\" srcset=\"https:\/\/www.pixelwork.de\/wp-content\/uploads\/2021\/01\/ACARS-small.png 978w, https:\/\/www.pixelwork.de\/wp-content\/uploads\/2021\/01\/ACARS-small-300x210.png 300w, https:\/\/www.pixelwork.de\/wp-content\/uploads\/2021\/01\/ACARS-small-768x537.png 768w\" sizes=\"(max-width: 206px) 100vw, 206px\" \/><\/a><\/figure>\n\n\n\n<p><a href=\"https:\/\/www.pixelwork.de\/wp-content\/uploads\/ACARS.mp4\" target=\"_blank\" aria-label=\" (opens in a new tab)\" rel=\"noreferrer noopener\" class=\"rank-math-link\">Sample video<\/a><\/p>\n\n\n\n<ul class=\"wp-block-list\"><li>FMS<\/li><\/ul>\n\n\n\n<p>Schulungsmodul zur Nutzung des auf der ARJ-Flotte verwendeten &#8220;Flight Management Systems&#8221;<\/p>\n\n\n\n<ul class=\"wp-block-list\"><li>Water &amp; Waste<\/li><\/ul>\n\n\n\n<p>Schulungsmodul &nbsp;zur Erkl\u00e4rung der unter &#8220;Water &amp; Waste&#8221; zusammengefassten technischen Einrichtungen auf der ARJ-Flotte<\/p>\n\n\n\n<ul class=\"wp-block-list\"><li>Performance CRJ<\/li><\/ul>\n\n\n\n<p>Schulungsmodul f\u00fcr die manuelle Start-Daten-Berechnung auf der CRJ-Flotte<\/p>\n\n\n\n<ul class=\"wp-block-list\"><li>Performance ARJ<\/li><\/ul>\n\n\n\n<p>Schulungsmodul f\u00fcr die manuelle Start-Daten-Berechnung auf der CRJ-Flotte<\/p>\n","protected":false},"excerpt":{"rendered":"<p>Piloten m\u00fcssen zum Erhalt einer Musterberechtigung f\u00fcr einen speziellen Flugzeugtyp (Type Rating) zus\u00e4tzlich zum Simulatortraining einen theoretischen Schulungsteil absolvieren. Die Schulung wird in der Luftfahrt seit langem mithilfe von Computer Based Trainingsprogrammen (CBT) durchgef\u00fchrt. Hierzu z\u00e4hlen folgende von Pixelwork entwickelte Type Rating Programme: ACARS Schulungsmodul zur Nutzung des bei Lufthansa CityLine genutzten &#8220;Aircraft Communication and Reporting Systems&#8221; Sample video FMS Schulungsmodul zur Nutzung des auf der ARJ-Flotte verwendeten &#8220;Flight Management Systems&#8221; Water &amp; Waste Schulungsmodul &nbsp;zur Erkl\u00e4rung der unter &#8220;Water &amp; Waste&#8221; zusammengefassten technischen Einrichtungen auf der ARJ-Flotte Performance CRJ Schulungsmodul f\u00fcr die manuelle Start-Daten-Berechnung auf der CRJ-Flotte Performance ARJ Schulungsmodul f\u00fcr die manuelle Start-Daten-Berechnung auf der CRJ-Flotte<\/p>\n","protected":false},"author":1,"featured_media":0,"parent":0,"menu_order":0,"comment_status":"closed","ping_status":"closed","template":"","meta":{"footnotes":""},"class_list":["post-77","page","type-page","status-publish","hentry"],"_links":{"self":[{"href":"https:\/\/www.pixelwork.de\/digitales-lernen\/wp-json\/wp\/v2\/pages\/77","targetHints":{"allow":["GET"]}}],"collection":[{"href":"https:\/\/www.pixelwork.de\/digitales-lernen\/wp-json\/wp\/v2\/pages"}],"about":[{"href":"https:\/\/www.pixelwork.de\/digitales-lernen\/wp-json\/wp\/v2\/types\/page"}],"author":[{"embeddable":true,"href":"https:\/\/www.pixelwork.de\/digitales-lernen\/wp-json\/wp\/v2\/users\/1"}],"replies":[{"embeddable":true,"href":"https:\/\/www.pixelwork.de\/digitales-lernen\/wp-json\/wp\/v2\/comments?post=77"}],"version-history":[{"count":11,"href":"https:\/\/www.pixelwork.de\/digitales-lernen\/wp-json\/wp\/v2\/pages\/77\/revisions"}],"predecessor-version":[{"id":623,"href":"https:\/\/www.pixelwork.de\/digitales-lernen\/wp-json\/wp\/v2\/pages\/77\/revisions\/623"}],"wp:attachment":[{"href":"https:\/\/www.pixelwork.de\/digitales-lernen\/wp-json\/wp\/v2\/media?parent=77"}],"curies":[{"name":"wp","href":"https:\/\/api.w.org\/{rel}","templated":true}]}}