{"id":62,"date":"2018-01-27T08:32:02","date_gmt":"2018-01-27T08:32:02","guid":{"rendered":"https:\/\/www.pixelwork.de\/?page_id=62"},"modified":"2026-02-17T09:48:35","modified_gmt":"2026-02-17T09:48:35","slug":"digitales-lernen","status":"publish","type":"page","link":"https:\/\/www.pixelwork.de\/digitales-lernen\/","title":{"rendered":"Digitales Lernen"},"content":{"rendered":"<h4>Willkommen bei\u00a0<strong>Pixelwork<\/strong><\/h4>\n<h4>Ihr Spezialist f\u00fcr Digitales Lernen, WBT &amp; CBT.<\/h4>\n<p>Wir m\u00f6chten Ihnen hier gerne einen \u00dcberblick \u00fcber unsere Arbeit und die von uns erstellten Programme geben.<\/p>\n<p>Zur Navigation nutzen Sie das Menu; um direkt zu den gew\u00fcnschten Informationen zu gelangen, k\u00f6nnen Sie die Suchfunktion oder die Tag-Liste nutzen.<\/p>\n<p>Wir freuen uns, wenn Sie auf unserer Seite Informationen, Tipps oder Anregungen rund um das Thema computergest\u00fctztes interaktives Training finden. F\u00fcr Ihre eLearning Projekte stehen wir Ihnen jederzeit gerne als Ansprechpartner zur Verf\u00fcgung.<\/p>\n<p>Bitte nutzen Sie f\u00fcr Fragen und Anregungen unsere <a title=\"Kontakt\" href=\"https:\/\/www.pixelwork.de\/kontakt\/\">Kontakt<\/a> Seite.<\/p>\n<p>\u00a0 \u00a0 \u00a0 \u00a0 \u00a0 \u00a0\u00a0<img fetchpriority=\"high\" decoding=\"async\" class=\"alignnone wp-image-192 size-medium\" src=\"https:\/\/www.pixelwork.de\/wp-content\/uploads\/2018\/01\/FDZ-Uhr-300x217.png\" alt=\"Digitales Lernen Beispiel\" width=\"300\" height=\"217\" \/><\/p>\n\n\n<p><strong>Pixelwork<\/strong>&nbsp; ist &nbsp;spezialisiert auf die Erstellung von&nbsp;Inhalten f\u00fcr Digitales Lernen. Z.B. <strong>Computer Based Trainingsprogrammen&nbsp;<\/strong>(CBT), <strong>Web Based Training<\/strong>&nbsp;(WBT), zur Vermittlung von komplexen Inhalten in anspruchsvollen Bereichen wie z.B. der Aviation-Industrie.<\/p>\n\n\n\n<p>Bei der Erstellung der Inhalte findet eine enge Zusammenarbeit mit den SME, also den Subject Matter Experts in Ihrem Unternehmen statt.<\/p>\n\n\n\n<p><strong>Pixelwork<\/strong> \u00a0erstellt und entwickelt seit <strong>30 Jahren<\/strong> Schulungsprogramme. Der Inhaber der Firma,\u00a0<strong>Andreas Boreng\u00e4sser,<\/strong> ist seit 35 Jahren \u00a0Pilot und Ausbildungskapit\u00e4n.<\/p>\n\n\n\n<p>Seit 25 Jahren ist er zus\u00e4tzlich mit einer Zusatzfunktion im flugbetrieblichen Management einer deutschen Luftfahrtgesellschaft t\u00e4tig.<\/p>\n\n\n\n<p><\/p>\n\n\n\n<p><\/p>\n","protected":false},"excerpt":{"rendered":"<p>Willkommen bei\u00a0Pixelwork Ihr Spezialist f\u00fcr Digitales Lernen, WBT &amp; CBT. Wir m\u00f6chten Ihnen hier gerne einen \u00dcberblick \u00fcber unsere Arbeit und die von uns erstellten Programme geben. Zur Navigation nutzen Sie das Menu; um direkt zu den gew\u00fcnschten Informationen zu gelangen, k\u00f6nnen Sie die Suchfunktion oder die Tag-Liste nutzen. Wir freuen uns, wenn Sie auf unserer Seite Informationen, Tipps oder Anregungen rund um das Thema computergest\u00fctztes interaktives Training finden. F\u00fcr Ihre eLearning Projekte stehen wir Ihnen jederzeit gerne als Ansprechpartner zur Verf\u00fcgung. Bitte nutzen Sie f\u00fcr Fragen und Anregungen unsere Kontakt Seite. \u00a0 \u00a0 \u00a0 \u00a0 \u00a0 \u00a0\u00a0 Pixelwork&nbsp; ist &nbsp;spezialisiert auf die Erstellung von&nbsp;Inhalten f\u00fcr Digitales Lernen. Z.B. Computer Based Trainingsprogrammen&nbsp;(CBT), Web Based Training&nbsp;(WBT), zur Vermittlung von komplexen Inhalten in anspruchsvollen Bereichen wie z.B. der Aviation-Industrie. Bei der Erstellung der Inhalte findet eine enge Zusammenarbeit mit den SME, also den Subject Matter Experts in Ihrem Unternehmen statt. Pixelwork \u00a0erstellt und entwickelt seit 30 Jahren Schulungsprogramme. Der Inhaber der Firma,\u00a0Andreas Boreng\u00e4sser, ist seit 35 Jahren \u00a0Pilot und Ausbildungskapit\u00e4n. Seit 25 Jahren ist er zus\u00e4tzlich mit einer Zusatzfunktion im flugbetrieblichen Management einer deutschen Luftfahrtgesellschaft t\u00e4tig.<\/p>\n","protected":false},"author":1,"featured_media":0,"parent":0,"menu_order":0,"comment_status":"closed","ping_status":"closed","template":"","meta":{"footnotes":""},"class_list":["post-62","page","type-page","status-publish","hentry"],"_links":{"self":[{"href":"https:\/\/www.pixelwork.de\/digitales-lernen\/wp-json\/wp\/v2\/pages\/62","targetHints":{"allow":["GET"]}}],"collection":[{"href":"https:\/\/www.pixelwork.de\/digitales-lernen\/wp-json\/wp\/v2\/pages"}],"about":[{"href":"https:\/\/www.pixelwork.de\/digitales-lernen\/wp-json\/wp\/v2\/types\/page"}],"author":[{"embeddable":true,"href":"https:\/\/www.pixelwork.de\/digitales-lernen\/wp-json\/wp\/v2\/users\/1"}],"replies":[{"embeddable":true,"href":"https:\/\/www.pixelwork.de\/digitales-lernen\/wp-json\/wp\/v2\/comments?post=62"}],"version-history":[{"count":49,"href":"https:\/\/www.pixelwork.de\/digitales-lernen\/wp-json\/wp\/v2\/pages\/62\/revisions"}],"predecessor-version":[{"id":763,"href":"https:\/\/www.pixelwork.de\/digitales-lernen\/wp-json\/wp\/v2\/pages\/62\/revisions\/763"}],"wp:attachment":[{"href":"https:\/\/www.pixelwork.de\/digitales-lernen\/wp-json\/wp\/v2\/media?parent=62"}],"curies":[{"name":"wp","href":"https:\/\/api.w.org\/{rel}","templated":true}]}}